14
-37a853 (base 12) to base 8
-3361477
-20020233 (base 4) to base 3
-1200201100
What is 32534334 (base 7) in base 8?
12532165
What is -c5362 (base 16) in base 8?
-3051542
-55875a (base 14) to base 12
-b80aa4
221222212330 (base 4) to base 10
10922428
What is -2b348 (base 14) in base 6?
-2150244
What is 90a48b (base 12) in base 10?
2257451
112213210011 (base 4) to base 6
331030033
-26520 (base 11) to base 2
-1001010000000111
22201021012 (base 3) to base 9
281235
What is 323304 (base 7) in base 4?
31301103
What is -416917 (base 10) in base 4?
-1211302111
What is -353414342 (base 6) in base 4?
-121032032312
What is -aa316 (base 13) in base 14?
-803d8
Convert 562807 (base 9) to base 11.
20aa93
What is -31434 (base 12) in base 14?
-1974c
81a4d (base 15) to base 10
410698
Convert 743725 (base 12) to base 16.
1bf04d
What is -3224160 (base 9) in base 12?
-6b4416
What is -a7224 (base 13) in base 5?
-34120412
4ba0f (base 16) to base 4
1023220033
What is 51314543 (base 7) in base 16?
41752a
-1010110111011100100 (base 2) to base 6
-11344244
13133233 (base 5) to base 12
635a3
611604 (base 8) to base 7
1466524
Convert 9aac8 (base 13) to base 6.
10004201
11112202121220 (base 3) to base 8
11157352
What is -42897 (base 16) in base 15?
-55b40
-1804944 (base 10) to base 12
-730640
What is -36bc41 (base 14) in base 16?
-1ca251
What is -66614441 (base 7) in base 14?
-a9a2c8
Convert 21012121102220 (base 3) to base 6.
214033423
1130401104 (base 6) to base 11
7145a67
Convert -1101101110011110010101 (base 2) to base 14.
-699445
Convert 238b00 (base 12) to base 7.
4614126
Convert -2660654 (base 7) to base 12.
-14b07b
Convert 8641084 (base 11) to base 3.
1001121011210211
28901 (base 10) to base 4
13003211
195977 (base 13) to base 15
c9d9b
Convert -116758 (base 9) to base 6.
-1302512
182824 (base 9) to base 3
12202220211
What is -269a6a (base 12) in base 3?
-1012110202101
29679a (base 11) to base 5
104302223
What is 27a2b (base 13) in base 16?
121f4
-1010000010111000001110 (base 2) to base 14
-4c78bc
1360142 (base 11) to base 3
11102000121200
22222000120 (base 3) to base 15
37423
What is -122202320 (base 6) in base 4?
-20331131220
Convert 836a63 (base 12) to base 16.
1f816b
Convert -56326053 (base 7) to base 11.
-2834128
Convert -121202112021 (base 3) to base 7.
-2542534
Convert -1e95b (base 15) to base 7.
-564335
-422453 (base 9) to base 6
-5214420
-20210002210 (base 3) to base 6
-2505550
-1012012111002211 (base 3) to base 4
-1001102033200
1406653 (base 8) to base 7
3241414
Convert -401010123 (base 5) to base 6.
-53501112
Convert 36056641 (base 7) to base 11.
188a417
What is 20763 (base 16) in base 15?
295e3
What is -19a03 (base 12) in base 8?
-111543
-1520702 (base 9) to base 6
-30002345
-20021112322 (base 4) to base 15
-2c2b07
What is 580026 (base 10) in base 14?
111546
What is 112221101220 (base 3) in base 9?
487356
Convert -122e70 (base 16) to base 8.
-4427160
What is -244872 (base 15) in base 2?
-110100111111111010001
Convert 50143155 (base 6) to base 3.
2122210202122
What is -32131210 (base 4) in base 13?
-20c68
21bb96 (base 12) to base 7
4403511
What is 4012441 (base 6) in base 9?
316537
135255 (base 12) to base 10
320033
123023110221 (base 4) to base 16
6cb529
Convert -104515122 (base 6) to base 12.
-77baa2
1244124034 (base 5) to base 3
12212012222022
Convert -4141201222 (base 5) to base 4.
-200210121113
What is -a18330 (base 16) in base 13?
-2267b57
122883 (base 11) to base 16
2f606
Convert 22210311 (base 8) to base 7.
55462265
Convert -100120121111 (base 3) to base 14.
-4c9c3
Convert -36a517 (base 13) to base 16.
-13f5b0
Convert -25314c4 (base 13) to base 11.
-6602393
-1540233 (base 6) to base 12
-44679
-440544 (base 9) to base 3
-111100121111
What is 417010 (base 10) in base 3?
210012000211
Convert -100ea55 (base 15) to base 9.
-23466008
Convert -153b357 (base 12) to base 13.
-b7c7c6
What is 1011000211002 (base 3) in base 12?
255555
What is 1e0d7b (base 16) in base 6?
110114111
What is -230640 (base 7) in base 9?
-62380
Convert -3977188 (base 10) to base 12.
-13b9744
22000111222010 (base 3) to base 15
592ae0
-262462 (base 10) to base 3
-111100000211
What is -1142512 (base 6) in base 3?
-10001121222
Convert 22504302 (base 6) to base 14.
1407ca
-4433 (base 8) to base 9
-3170
What is 2309320 (base 11) in base 2?
1111011001111111101111
Convert -1281252 (base 9) to base 14.
-14427b
-15e01 (base 15) to base 9
-116821
-51562 (base 8) to base 9
-32265
-332232541 (base 6) to base 2
-10110110110111001101101
What is -31723068 (base 9) in base 8?
-72314406
-10100110010000010 (base 2) to base 14
-23042
Convert 3a641 (base 16) to base 15.
4ace9
Convert -10222002101 (base 3) to base 5.
-4444232
Convert -12106a (base 11) to base 2.
-101110110011111100
What is 49d9e (base 16) in base 14?
7c34a
Convert -621d1 (base 15) to base 13.
-ab6a0
-12422303 (base 5) to base 2
-11110001000111101
Convert -1030d4 (base 15) to base 6.
-24255231
100010001000010000 (base 2) to base 4
202020100
Convert 351607 (base 11) to base 7.
4514024
2390ba (base 12) to base 4
2030201032
Convert -25da9 (base 15) to base 9.
-204236
Convert 2288480 (base 9) to base 14.
243ada
What is 13330102121 (base 4) in base 9?
3822802
Convert -20201011011120 (base 3) to base 11.
-2015a31
What is 24528046 (base 9) in base 7?
204022515
174b2 (base 14) to base 3
2222100001
-2314413240 (base 5) to base 4
-103331123000
What is 2020112221120 (base 3) in base 14?
230500
Convert -12361 (base 12) to base 13.
-b31a
What is -23012120312 (base 4) in base 7?
-33506144
Convert -111211212101 (base 3) to base 7.
-2213413
Convert 9d7d (base 16) to base 7.
225354
10011101110001110 (base 2) to base 7
454342
What is 7476366 (base 8) in base 9?
3674747
103331020 (base 4) to base 8
237510
3454a8 (base 14) to base 13
4a5018
What is 1340446 (base 8) in base 3?
201011022122
-201aca (base 14) to base 15
-165255
-105994 (base 12) to base 15
-51a8a
48632 (base 9) to base 14
bc3d
Convert 60103 (base 9) to base 13.
14c58
What is -3162645 (base 7) in base 5?
-44311143
b2b73 (base 16) to base 4
2302231303
-999c0b (base 13) to base 2
-1101110011111010010010
Convert -11561 (base 10) to base 12.
-6835
What is 1315312230 (base 6) in base 16?
eedffa
-1022201011 (base 3) to base 5
-1313112
What is -22221010000201 (base 3) in base 10?
-4745809
What is -1110011122102 (base 3) in base 11?
-487310
What is 2210152 (base 6) in base 10?
110228
What is 1205404 (base 6) in base 5?
4012221
10100000110101001111001 (base 2) to base 14
9b2865
-1266041 (base 7) to base 14
-451c8
221012105 (base 6) to base 9
7416375
9311360 (base 10) to base 4
203201102000
What is e4360 (base 15) in base 14?
14b6bd
Convert -4143ab9 (base 12) to base 2.
-101110110110101001101101
Convert 234852 (base 12) to base 14.
10add4
210102000220000 (base 3) to base 10
11377422
What is -2313122222 (base 4) in base 11?
-473497
4006021 (base 10) to base 7
46023235
25e085 (base 15) to base 12
738982
Convert aae89 (base 16) to base 5.
134400131
-74a37 (base 14) to base 12
-117175
What is -41224 (base 16) in base 11?
-172495
-120033203202 (base 4) to base 12
-2165916
426416 (base 8) to base 7
1132522
-645074 (base 9) to base 15
-78cba
Convert 12112222001020 (base 3) to base 12.
ba4236
Convert 5107a (base 13) to base 16.
236cf
What is -6104a (base 12) in base 4?
-132303322
What is -39812 (base 12) in base 15?
-185bb
Convert -3295775 (base 10) to base 13.
-8b5182
What is -1001101011201 (base 3) in base 6?
-15545501
-11110010100010110000010 (base 2) to base 3
-112221210010102
38a9a (base 11) to base 6
1110430
-12101314 (base 8) to base 10
-2654924
What is 2395146 (base 11) in base 16?
3f8d06
-3e680 (base 15) to base 7
-1463553
Convert -222011201221 (base 3) to base 15.
-a29c7
1dabb (base 16) to base 5
12342111
What is -41979 (base 12) in base 13?
-30231
15446165 (base 7) to base 10
1490774
400711 (base 8) to base 3
20200102110
Convert 4b350 (base 16) to base 6.
10334052
What is -6702615 (base 8) in base 5?
-430204121
What is 340922 (base 11) in base 6?
15345034
Convert 1370707 (base 15) to base 5.
12042242312
Convert -3e480d (base 15) to base 6.
-144203004
-26722274 (base 9) to base 8
-62223420
What is -17225a (base 12) in base 9?
-665607
What is -13119f (base 16) in base 15?
-19a430
What is 3516364 (bas